{"id":1875,"date":"2022-02-17T19:45:31","date_gmt":"2022-02-17T17:45:31","guid":{"rendered":"https:\/\/osuusmetsa.fi\/tuote\/talousmetsien-luonnonhoito\/"},"modified":"2023-12-20T18:10:22","modified_gmt":"2023-12-20T16:10:22","slug":"talousmetsien-luonnonhoito","status":"publish","type":"product","link":"https:\/\/osuusmetsa.fi\/paasivusto\/tuote\/talousmetsien-luonnonhoito\/","title":{"rendered":"Talousmetsien luonnonhoito"},"content":{"rendered":"<p>Ty\u00f6opas on p\u00e4ivitetty vastaamaan uudistuneita Hyv\u00e4n mets\u00e4nhoidon suosituksia. Kirjan avulla ymp\u00e4rist\u00f6asioiden kokonaisuus on helppo hahmottaa perusteluineen ja soveltamisvaihtoehtoineen. Teos on talousmetsien luonnonhoidon kattava tietol\u00e4hde ja oppikirja. Se auttaa metsien luontoarvoista kiinnostuneita tunnistamaan monimuotoisuudelle t\u00e4rkeit\u00e4 rakennepiirteit\u00e4 sek\u00e4 metsien erityisi\u00e4 luontokohteita. Teos on suunnattu k\u00e4yt\u00e4nn\u00f6n mets\u00e4talouden parissa toimiville. Se on my\u00f6s Mets\u00e4alan luonnonhoitokortin oppimateriaali. Oppaan ovat laatineet Tapio Oy:n asiantuntijat yhteisty\u00f6ss\u00e4 mets\u00e4- ja ymp\u00e4rist\u00f6alan toimijoiden kanssa.<\/p>\n","protected":false},"excerpt":{"rendered":"<p>Ty\u00f6opas kokoaa ja havainnollistaa keinot talousmetsien luonnonhoitoon. Opas esitt\u00e4\u00e4 mets\u00e4talouden ymp\u00e4rist\u00f6ohjeistusta koskevan lains\u00e4\u00e4d\u00e4nn\u00f6n sek\u00e4 esimerkkej\u00e4 PEFCtm- ja FSC\u00ae-sertifioinnin vaatimuksista. Kirjan keskeisen\u00e4 teemana on luonnon monimuotoisuuden turvaaminen. Muita t\u00e4rkeit\u00e4 teemoja ovat vesiensuojelu sek\u00e4 maisema-arvojen ja metsien kulttuuriperinn\u00f6n turvaaminen.<\/p>\n","protected":false},"featured_media":1840,"template":"","meta":{"_acf_changed":false,"site-sidebar-layout":"default","site-content-layout":"default","ast-site-content-layout":"default","site-content-style":"default","site-sidebar-style":"default","ast-global-header-display":"","ast-banner-title-visibility":"","ast-main-header-display":"","ast-hfb-above-header-display":"","ast-hfb-below-header-display":"","ast-hfb-mobile-header-display":"","site-post-title":"","ast-breadcrumbs-content":"","ast-featured-img":"","footer-sml-layout":"","ast-disable-related-posts":"","theme-transparent-header-meta":"","adv-header-id-meta":"","stick-header-meta":"","header-above-stick-meta":"","header-main-stick-meta":"","header-below-stick-meta":"","astra-migrate-meta-layouts":"default","ast-page-background-enabled":"default","ast-page-background-meta":{"desktop":{"background-color":"","background-image":"","background-repeat":"repeat","background-position":"center center","background-size":"auto","background-attachment":"scroll","background-type":"","background-media":"","overlay-type":"","overlay-color":"","overlay-opacity":"","overlay-gradient":""},"tablet":{"background-color":"","background-image":"","background-repeat":"repeat","background-position":"center center","background-size":"auto","background-attachment":"scroll","background-type":"","background-media":"","overlay-type":"","overlay-color":"","overlay-opacity":"","overlay-gradient":""},"mobile":{"background-color":"","background-image":"","background-repeat":"repeat","background-position":"center center","background-size":"auto","background-attachment":"scroll","background-type":"","background-media":"","overlay-type":"","overlay-color":"","overlay-opacity":"","overlay-gradient":""}},"ast-content-background-meta":{"desktop":{"background-color":"var(--ast-global-color-5)","background-image":"","background-repeat":"repeat","background-position":"center center","background-size":"auto","background-attachment":"scroll","background-type":"","background-media":"","overlay-type":"","overlay-color":"","overlay-opacity":"","overlay-gradient":""},"tablet":{"background-color":"var(--ast-global-color-5)","background-image":"","background-repeat":"repeat","background-position":"center center","background-size":"auto","background-attachment":"scroll","background-type":"","background-media":"","overlay-type":"","overlay-color":"","overlay-opacity":"","overlay-gradient":""},"mobile":{"background-color":"var(--ast-global-color-5)","background-image":"","background-repeat":"repeat","background-position":"center center","background-size":"auto","background-attachment":"scroll","background-type":"","background-media":"","overlay-type":"","overlay-color":"","overlay-opacity":"","overlay-gradient":""}}},"product_cat":[70],"product_tag":[],"acf":[],"yoast_head":"<!-- This site is optimized with the Yoast SEO plugin v23.5 - https:\/\/yoast.com\/wordpress\/plugins\/seo\/ -->\n<title>Talousmetsien luonnonhoito - Mets&auml;opiskelijoiden OsuusMets&auml;<\/title>\n<meta name=\"robots\" content=\"index, follow, max-snippet:-1, max-image-preview:large, max-video-preview:-1\" \/>\n<link rel=\"canonical\" href=\"https:\/\/osuusmetsa.fi\/paasivusto\/tuote\/talousmetsien-luonnonhoito\/\" \/>\n<meta property=\"og:locale\" content=\"fi_FI\" \/>\n<meta property=\"og:type\" content=\"article\" \/>\n<meta property=\"og:title\" content=\"Talousmetsien luonnonhoito - Mets&auml;opiskelijoiden OsuusMets&auml;\" \/>\n<meta property=\"og:description\" content=\"Ty\u00f6opas kokoaa ja havainnollistaa keinot talousmetsien luonnonhoitoon. Opas esitt\u00e4\u00e4 mets\u00e4talouden ymp\u00e4rist\u00f6ohjeistusta koskevan lains\u00e4\u00e4d\u00e4nn\u00f6n sek\u00e4 esimerkkej\u00e4 PEFCtm- ja FSC\u00ae-sertifioinnin vaatimuksista. Kirjan keskeisen\u00e4 teemana on luonnon monimuotoisuuden turvaaminen. Muita t\u00e4rkeit\u00e4 teemoja ovat vesiensuojelu sek\u00e4 maisema-arvojen ja metsien kulttuuriperinn\u00f6n turvaaminen.\" \/>\n<meta property=\"og:url\" content=\"https:\/\/osuusmetsa.fi\/paasivusto\/tuote\/talousmetsien-luonnonhoito\/\" \/>\n<meta property=\"og:site_name\" content=\"Mets&auml;opiskelijoiden OsuusMets&auml;\" \/>\n<meta property=\"article:modified_time\" content=\"2023-12-20T16:10:22+00:00\" \/>\n<meta property=\"og:image\" content=\"https:\/\/osuusmetsa.fi\/paasivusto\/sisallot\/lataukset\/2022\/02\/Talousmetsienluonnonhoito.jpg\" \/>\n\t<meta property=\"og:image:width\" content=\"400\" \/>\n\t<meta property=\"og:image:height\" content=\"581\" \/>\n\t<meta property=\"og:image:type\" content=\"image\/jpeg\" \/>\n<meta name=\"twitter:card\" content=\"summary_large_image\" \/>\n<script type=\"application\/ld+json\" class=\"yoast-schema-graph\">{\"@context\":\"https:\/\/schema.org\",\"@graph\":[{\"@type\":\"WebPage\",\"@id\":\"https:\/\/osuusmetsa.fi\/paasivusto\/tuote\/talousmetsien-luonnonhoito\/\",\"url\":\"https:\/\/osuusmetsa.fi\/paasivusto\/tuote\/talousmetsien-luonnonhoito\/\",\"name\":\"Talousmetsien luonnonhoito - Mets&auml;opiskelijoiden OsuusMets&auml;\",\"isPartOf\":{\"@id\":\"https:\/\/osuusmetsa.fi\/paasivusto\/#website\"},\"primaryImageOfPage\":{\"@id\":\"https:\/\/osuusmetsa.fi\/paasivusto\/tuote\/talousmetsien-luonnonhoito\/#primaryimage\"},\"image\":{\"@id\":\"https:\/\/osuusmetsa.fi\/paasivusto\/tuote\/talousmetsien-luonnonhoito\/#primaryimage\"},\"thumbnailUrl\":\"https:\/\/osuusmetsa.fi\/paasivusto\/sisallot\/lataukset\/2022\/02\/Talousmetsienluonnonhoito.jpg\",\"datePublished\":\"2022-02-17T17:45:31+00:00\",\"dateModified\":\"2023-12-20T16:10:22+00:00\",\"breadcrumb\":{\"@id\":\"https:\/\/osuusmetsa.fi\/paasivusto\/tuote\/talousmetsien-luonnonhoito\/#breadcrumb\"},\"inLanguage\":\"fi\",\"potentialAction\":[{\"@type\":\"ReadAction\",\"target\":[\"https:\/\/osuusmetsa.fi\/paasivusto\/tuote\/talousmetsien-luonnonhoito\/\"]}]},{\"@type\":\"ImageObject\",\"inLanguage\":\"fi\",\"@id\":\"https:\/\/osuusmetsa.fi\/paasivusto\/tuote\/talousmetsien-luonnonhoito\/#primaryimage\",\"url\":\"https:\/\/osuusmetsa.fi\/paasivusto\/sisallot\/lataukset\/2022\/02\/Talousmetsienluonnonhoito.jpg\",\"contentUrl\":\"https:\/\/osuusmetsa.fi\/paasivusto\/sisallot\/lataukset\/2022\/02\/Talousmetsienluonnonhoito.jpg\",\"width\":400,\"height\":581},{\"@type\":\"BreadcrumbList\",\"@id\":\"https:\/\/osuusmetsa.fi\/paasivusto\/tuote\/talousmetsien-luonnonhoito\/#breadcrumb\",\"itemListElement\":[{\"@type\":\"ListItem\",\"position\":1,\"name\":\"Etusivu\",\"item\":\"https:\/\/osuusmetsa.fi\/paasivusto\/\"},{\"@type\":\"ListItem\",\"position\":2,\"name\":\"Tuotteet\",\"item\":\"https:\/\/osuusmetsa.fi\/paasivusto\/verkkokauppa\/\"},{\"@type\":\"ListItem\",\"position\":3,\"name\":\"Talousmetsien luonnonhoito\"}]},{\"@type\":\"WebSite\",\"@id\":\"https:\/\/osuusmetsa.fi\/paasivusto\/#website\",\"url\":\"https:\/\/osuusmetsa.fi\/paasivusto\/\",\"name\":\"Mets\u00e4opiskelijoiden OsuusMets\u00e4\",\"description\":\"Osuuskunta mets&auml;alan opiskelijoille\",\"publisher\":{\"@id\":\"https:\/\/osuusmetsa.fi\/paasivusto\/#organization\"},\"potentialAction\":[{\"@type\":\"SearchAction\",\"target\":{\"@type\":\"EntryPoint\",\"urlTemplate\":\"https:\/\/osuusmetsa.fi\/paasivusto\/?s={search_term_string}\"},\"query-input\":{\"@type\":\"PropertyValueSpecification\",\"valueRequired\":true,\"valueName\":\"search_term_string\"}}],\"inLanguage\":\"fi\"},{\"@type\":\"Organization\",\"@id\":\"https:\/\/osuusmetsa.fi\/paasivusto\/#organization\",\"name\":\"Mets\u00e4opiskelijoiden OsuusMets\u00e4\",\"url\":\"https:\/\/osuusmetsa.fi\/paasivusto\/\",\"logo\":{\"@type\":\"ImageObject\",\"inLanguage\":\"fi\",\"@id\":\"https:\/\/osuusmetsa.fi\/paasivusto\/#\/schema\/logo\/image\/\",\"url\":\"https:\/\/osuusmetsa.fi\/paasivusto\/sisallot\/lataukset\/2021\/08\/OsuusMetsa_logo.png\",\"contentUrl\":\"https:\/\/osuusmetsa.fi\/paasivusto\/sisallot\/lataukset\/2021\/08\/OsuusMetsa_logo.png\",\"width\":519,\"height\":469,\"caption\":\"Mets\u00e4opiskelijoiden OsuusMets\u00e4\"},\"image\":{\"@id\":\"https:\/\/osuusmetsa.fi\/paasivusto\/#\/schema\/logo\/image\/\"}}]}<\/script>\n<!-- \/ Yoast SEO plugin. -->","yoast_head_json":{"title":"Talousmetsien luonnonhoito - Mets&auml;opiskelijoiden OsuusMets&auml;","robots":{"index":"index","follow":"follow","max-snippet":"max-snippet:-1","max-image-preview":"max-image-preview:large","max-video-preview":"max-video-preview:-1"},"canonical":"https:\/\/osuusmetsa.fi\/paasivusto\/tuote\/talousmetsien-luonnonhoito\/","og_locale":"fi_FI","og_type":"article","og_title":"Talousmetsien luonnonhoito - Mets&auml;opiskelijoiden OsuusMets&auml;","og_description":"Ty\u00f6opas kokoaa ja havainnollistaa keinot talousmetsien luonnonhoitoon. Opas esitt\u00e4\u00e4 mets\u00e4talouden ymp\u00e4rist\u00f6ohjeistusta koskevan lains\u00e4\u00e4d\u00e4nn\u00f6n sek\u00e4 esimerkkej\u00e4 PEFCtm- ja FSC\u00ae-sertifioinnin vaatimuksista. Kirjan keskeisen\u00e4 teemana on luonnon monimuotoisuuden turvaaminen. Muita t\u00e4rkeit\u00e4 teemoja ovat vesiensuojelu sek\u00e4 maisema-arvojen ja metsien kulttuuriperinn\u00f6n turvaaminen.","og_url":"https:\/\/osuusmetsa.fi\/paasivusto\/tuote\/talousmetsien-luonnonhoito\/","og_site_name":"Mets&auml;opiskelijoiden OsuusMets&auml;","article_modified_time":"2023-12-20T16:10:22+00:00","og_image":[{"width":400,"height":581,"url":"https:\/\/osuusmetsa.fi\/paasivusto\/sisallot\/lataukset\/2022\/02\/Talousmetsienluonnonhoito.jpg","type":"image\/jpeg"}],"twitter_card":"summary_large_image","schema":{"@context":"https:\/\/schema.org","@graph":[{"@type":"WebPage","@id":"https:\/\/osuusmetsa.fi\/paasivusto\/tuote\/talousmetsien-luonnonhoito\/","url":"https:\/\/osuusmetsa.fi\/paasivusto\/tuote\/talousmetsien-luonnonhoito\/","name":"Talousmetsien luonnonhoito - Mets&auml;opiskelijoiden OsuusMets&auml;","isPartOf":{"@id":"https:\/\/osuusmetsa.fi\/paasivusto\/#website"},"primaryImageOfPage":{"@id":"https:\/\/osuusmetsa.fi\/paasivusto\/tuote\/talousmetsien-luonnonhoito\/#primaryimage"},"image":{"@id":"https:\/\/osuusmetsa.fi\/paasivusto\/tuote\/talousmetsien-luonnonhoito\/#primaryimage"},"thumbnailUrl":"https:\/\/osuusmetsa.fi\/paasivusto\/sisallot\/lataukset\/2022\/02\/Talousmetsienluonnonhoito.jpg","datePublished":"2022-02-17T17:45:31+00:00","dateModified":"2023-12-20T16:10:22+00:00","breadcrumb":{"@id":"https:\/\/osuusmetsa.fi\/paasivusto\/tuote\/talousmetsien-luonnonhoito\/#breadcrumb"},"inLanguage":"fi","potentialAction":[{"@type":"ReadAction","target":["https:\/\/osuusmetsa.fi\/paasivusto\/tuote\/talousmetsien-luonnonhoito\/"]}]},{"@type":"ImageObject","inLanguage":"fi","@id":"https:\/\/osuusmetsa.fi\/paasivusto\/tuote\/talousmetsien-luonnonhoito\/#primaryimage","url":"https:\/\/osuusmetsa.fi\/paasivusto\/sisallot\/lataukset\/2022\/02\/Talousmetsienluonnonhoito.jpg","contentUrl":"https:\/\/osuusmetsa.fi\/paasivusto\/sisallot\/lataukset\/2022\/02\/Talousmetsienluonnonhoito.jpg","width":400,"height":581},{"@type":"BreadcrumbList","@id":"https:\/\/osuusmetsa.fi\/paasivusto\/tuote\/talousmetsien-luonnonhoito\/#breadcrumb","itemListElement":[{"@type":"ListItem","position":1,"name":"Etusivu","item":"https:\/\/osuusmetsa.fi\/paasivusto\/"},{"@type":"ListItem","position":2,"name":"Tuotteet","item":"https:\/\/osuusmetsa.fi\/paasivusto\/verkkokauppa\/"},{"@type":"ListItem","position":3,"name":"Talousmetsien luonnonhoito"}]},{"@type":"WebSite","@id":"https:\/\/osuusmetsa.fi\/paasivusto\/#website","url":"https:\/\/osuusmetsa.fi\/paasivusto\/","name":"Mets\u00e4opiskelijoiden OsuusMets\u00e4","description":"Osuuskunta mets&auml;alan opiskelijoille","publisher":{"@id":"https:\/\/osuusmetsa.fi\/paasivusto\/#organization"},"potentialAction":[{"@type":"SearchAction","target":{"@type":"EntryPoint","urlTemplate":"https:\/\/osuusmetsa.fi\/paasivusto\/?s={search_term_string}"},"query-input":{"@type":"PropertyValueSpecification","valueRequired":true,"valueName":"search_term_string"}}],"inLanguage":"fi"},{"@type":"Organization","@id":"https:\/\/osuusmetsa.fi\/paasivusto\/#organization","name":"Mets\u00e4opiskelijoiden OsuusMets\u00e4","url":"https:\/\/osuusmetsa.fi\/paasivusto\/","logo":{"@type":"ImageObject","inLanguage":"fi","@id":"https:\/\/osuusmetsa.fi\/paasivusto\/#\/schema\/logo\/image\/","url":"https:\/\/osuusmetsa.fi\/paasivusto\/sisallot\/lataukset\/2021\/08\/OsuusMetsa_logo.png","contentUrl":"https:\/\/osuusmetsa.fi\/paasivusto\/sisallot\/lataukset\/2021\/08\/OsuusMetsa_logo.png","width":519,"height":469,"caption":"Mets\u00e4opiskelijoiden OsuusMets\u00e4"},"image":{"@id":"https:\/\/osuusmetsa.fi\/paasivusto\/#\/schema\/logo\/image\/"}}]}},"_links":{"self":[{"href":"https:\/\/osuusmetsa.fi\/paasivusto\/wp-json\/wp\/v2\/product\/1875"}],"collection":[{"href":"https:\/\/osuusmetsa.fi\/paasivusto\/wp-json\/wp\/v2\/product"}],"about":[{"href":"https:\/\/osuusmetsa.fi\/paasivusto\/wp-json\/wp\/v2\/types\/product"}],"wp:featuredmedia":[{"embeddable":true,"href":"https:\/\/osuusmetsa.fi\/paasivusto\/wp-json\/wp\/v2\/media\/1840"}],"wp:attachment":[{"href":"https:\/\/osuusmetsa.fi\/paasivusto\/wp-json\/wp\/v2\/media?parent=1875"}],"wp:term":[{"taxonomy":"product_cat","embeddable":true,"href":"https:\/\/osuusmetsa.fi\/paasivusto\/wp-json\/wp\/v2\/product_cat?post=1875"},{"taxonomy":"product_tag","embeddable":true,"href":"https:\/\/osuusmetsa.fi\/paasivusto\/wp-json\/wp\/v2\/product_tag?post=1875"}],"curies":[{"name":"wp","href":"https:\/\/api.w.org\/{rel}","templated":true}]}}