{"id":3,"date":"2021-04-28T12:20:18","date_gmt":"2021-04-28T09:20:18","guid":{"rendered":"https:\/\/osuusmetsa.fi\/paasivusto\/?page_id=3"},"modified":"2021-08-14T11:03:57","modified_gmt":"2021-08-14T08:03:57","slug":"tietosuojaseloste","status":"publish","type":"page","link":"https:\/\/osuusmetsa.fi\/paasivusto\/tietosuojaseloste\/","title":{"rendered":"Tietosuojaseloste"},"content":{"rendered":"\n<h2 class=\"wp-block-heading\">1 Rekisterinpit\u00e4j\u00e4<\/h2>\n\n\n\n<p>Mets\u00e4opiskelijoiden OsuusMets\u00e4 (\u201dRekisterinpit\u00e4j\u00e4\u201d)<br>Honkapolku 4 A 6<br>80220 Joensuu<\/p>\n\n\n\n<h2 class=\"wp-block-heading\">2 Rekister\u00f6idyt<\/h2>\n\n\n\n<p>Rekisteriss\u00e4 k\u00e4sitell\u00e4\u00e4n Rekisterinpit\u00e4j\u00e4n verkkosivuston (\u201dSivusto\u201d) k\u00e4vij\u00f6iden (\u201dVierailija\u201d) tietoja.<\/p>\n\n\n\n<h2 class=\"wp-block-heading\">3 Tietojen k\u00e4sittelyn peruste, k\u00e4ytt\u00f6tarkoitus ja s\u00e4ilytysaika<\/h2>\n\n\n\n<h3 class=\"wp-block-heading\">3.1 Yhteydenottolomake<\/h3>\n\n\n\n<p>Sivuston yhteydenottolomakkeessa ker\u00e4t\u00e4\u00e4n seuraavat yksil\u00f6iv\u00e4t tiedot:<\/p>\n\n\n\n<ul><li>Etu- ja sukunimi<\/li><li>S\u00e4hk\u00f6postiosoite<\/li><li>Puhelinnumero<\/li><\/ul>\n\n\n\n<p>Tiedot ker\u00e4t\u00e4\u00e4n yhteydenoton todentamista varten. Tietoja s\u00e4ilytet\u00e4\u00e4n toistaiseksi, jotta asiaan voidaan my\u00f6hemmin palata. Tietoja ei k\u00e4ytet\u00e4 markkinointitarkoituksiin eik\u00e4 niit\u00e4 luovuteta eteenp\u00e4in muille osapuolille.<\/p>\n\n\n\n<h3 class=\"wp-block-heading\">3.2 Rekister\u00f6ityneet k\u00e4ytt\u00e4j\u00e4t<\/h3>\n\n\n\n<p>Rekister\u00f6ityneiden k\u00e4ytt\u00e4jien tiedot tallennetaan Sivuston tietokantaan. Kaikilla k\u00e4ytt\u00e4jill\u00e4 on mahdollisuus kirjautumalla n\u00e4hd\u00e4, muokata ja poistaa omia henkil\u00f6tietojaan. K\u00e4ytt\u00e4j\u00e4nime\u00e4 ei kuitenkaan voi muuttaa. Sivuston yll\u00e4pit\u00e4j\u00e4t voivat n\u00e4hd\u00e4 ja muokata k\u00e4ytt\u00e4j\u00e4profiilien tietoja.<\/p>\n\n\n\n<h2 class=\"wp-block-heading\">4 Ev\u00e4steet<\/h2>\n\n\n\n<h3 class=\"wp-block-heading\">4.1 Rekister\u00f6ityneet k\u00e4ytt\u00e4j\u00e4t<\/h3>\n\n\n\n<p>Kun rekister\u00f6itynyt k\u00e4ytt\u00e4j\u00e4 kirjautuu Sivustolle, selaimeen asetetaan useita ev\u00e4steit\u00e4, jotka tallentavat k\u00e4ytt\u00e4j\u00e4n kirjautumis- ja n\u00e4ytt\u00f6asetukset. Kirjautumisev\u00e4steet poistetaan kahden vuorokauden kuluessa, n\u00e4ytt\u00f6asetuksiin liittyv\u00e4t ev\u00e4steet poistuvat vuoden kuluttua.<\/p>\n\n\n\n<p>Mik\u00e4li k\u00e4ytt\u00e4j\u00e4 valitsee \u201cMuista minut\u201d -valinnan kirjautumisen yhteydess\u00e4, kirjautumistietoja s\u00e4ilytet\u00e4\u00e4n kahden viikon ajan. Kun k\u00e4ytt\u00e4j\u00e4 kirjautuu ulos, kirjautumiseen liittyv\u00e4t ev\u00e4steet poistetaan.<\/p>\n\n\n\n<h2 class=\"wp-block-heading\">5 Muilta sivustoilta upotettu sis\u00e4lt\u00f6<\/h2>\n\n\n\n<p>Sivusto voi sis\u00e4lt\u00e4\u00e4 upotettua sis\u00e4lt\u00f6\u00e4 (esimerkiksi videoita ja kuvia). Toisilta verkkosivustoilta tuodun upotetun sis\u00e4ll\u00f6n avaaminen on verrattavissa siihen, ett\u00e4 Vierailija itse k\u00e4visi kolmannen osapuolen verkkosivustolla. N\u00e4m\u00e4 verkkosivustot voivat esimerkiksi ker\u00e4t\u00e4 erilaisia tietoja Vierailijasta. Rekisterinpit\u00e4j\u00e4 ei vastaa kolmannen osapuolen toiminnasta.<\/p>\n\n\n\n<h2 class=\"wp-block-heading\">6 Analytiikka<\/h2>\n\n\n\n<p>Sivustolla k\u00e4ytet\u00e4\u00e4n Google Analytics -palvelua Sivuston k\u00e4vij\u00e4liikenteen analysointiin. Ker\u00e4tt\u00e4v\u00e4t tiedot ovat anonyymej\u00e4. Google Analytics -palvelun tietosuojaseloste on luettavissa osoitteessa https:\/\/policies.google.com\/.<\/p>\n\n\n\n<h2 class=\"wp-block-heading\">7 Tietojen s\u00e4\u00e4nn\u00f6nmukaiset luovutukset ja siirrot<\/h2>\n\n\n\n<p>Tietoja ei luovuteta muille osapuolille.<\/p>\n\n\n\n<h2 class=\"wp-block-heading\">8 Rekister\u00f6idyn k\u00e4ytt\u00e4j\u00e4n oikeudet<\/h2>\n\n\n\n<p>Mik\u00e4li Vierailija asioi Sivustollamme (esimerkiksi k\u00e4ytt\u00e4j\u00e4tili tai kommentti), h\u00e4n voi pyyt\u00e4\u00e4 koosteen tallennetuista henkil\u00f6tiedoista. Vierailija voi my\u00f6s pyyt\u00e4\u00e4 henkil\u00f6tietojen poistoa. Oikeus henkil\u00f6tietojen poistoon ei koske sellaista henkil\u00f6tietoa, joka Rekisterinpit\u00e4j\u00e4n on s\u00e4ilytett\u00e4v\u00e4 yll\u00e4pidollisista, juridisista tai tietoturvaan liittyvist\u00e4 syist\u00e4.<\/p>\n\n\n\n<h2 class=\"wp-block-heading\">9 Henkil\u00f6tietojen suojaaminen ja tietoturva<\/h2>\n\n\n\n<p>Digitaalisesti k\u00e4sitelt\u00e4v\u00e4t tiedot on suojattu ja tallennettu Rekisterinpit\u00e4j\u00e4n sis\u00e4ll\u00f6nhallintaj\u00e4rjestelm\u00e4\u00e4n, johon p\u00e4\u00e4sy on vain asianmukaisten henkil\u00f6iden henkil\u00f6kohtaisilla k\u00e4ytt\u00e4j\u00e4tunnuksilla ja salasanoilla. K\u00e4ytetyt ty\u00f6asemat ja tallennusmediat ovat asianmukaisesti suojattuja.<\/p>\n\n\n\n<h2 class=\"wp-block-heading\">10 Yhteydenotot<\/h2>\n\n\n\n<p>Tietosuojaselosteeseen liittyviss\u00e4 kysymyksiss\u00e4 voi olla yhteydess\u00e4 s\u00e4hk\u00f6postiosoitteeseen viestinta@osuusmetsa.fi.<\/p>\n\n\n\n<h2 class=\"wp-block-heading\">11 Muutokset t\u00e4h\u00e4n tietosuojaselosteeseen<\/h2>\n\n\n\n<p>T\u00e4t\u00e4 tietosuojaselostetta voidaan p\u00e4ivitt\u00e4\u00e4 tarvittaessa esimerkiksi lains\u00e4\u00e4d\u00e4nn\u00f6n muuttuessa.<\/p>\n","protected":false},"excerpt":{"rendered":"<p>1 Rekisterinpit\u00e4j\u00e4 Mets\u00e4opiskelijoiden OsuusMets\u00e4 (\u201dRekisterinpit\u00e4j\u00e4\u201d)Honkapolku 4 A 680220 Joensuu 2 Rekister\u00f6idyt Rekisteriss\u00e4 k\u00e4sitell\u00e4\u00e4n Rekisterinpit\u00e4j\u00e4n verkkosivuston (\u201dSivusto\u201d) k\u00e4vij\u00f6iden (\u201dVierailija\u201d) tietoja. 3 Tietojen k\u00e4sittelyn peruste, k\u00e4ytt\u00f6tarkoitus ja s\u00e4ilytysaika 3.1 Yhteydenottolomake Sivuston yhteydenottolomakkeessa ker\u00e4t\u00e4\u00e4n seuraavat yksil\u00f6iv\u00e4t tiedot: Etu- ja sukunimi S\u00e4hk\u00f6postiosoite Puhelinnumero Tiedot ker\u00e4t\u00e4\u00e4n yhteydenoton todentamista varten. Tietoja s\u00e4ilytet\u00e4\u00e4n toistaiseksi, jotta asiaan voidaan my\u00f6hemmin palata. Tietoja ei k\u00e4ytet\u00e4 [&hellip;]<\/p>\n","protected":false},"author":1,"featured_media":0,"parent":0,"menu_order":0,"comment_status":"closed","ping_status":"open","template":"","meta":{"_acf_changed":false,"site-sidebar-layout":"default","site-content-layout":"default","ast-site-content-layout":"default","site-content-style":"default","site-sidebar-style":"default","ast-global-header-display":"","ast-banner-title-visibility":"","ast-main-header-display":"","ast-hfb-above-header-display":"","ast-hfb-below-header-display":"","ast-hfb-mobile-header-display":"","site-post-title":"","ast-breadcrumbs-content":"","ast-featured-img":"","footer-sml-layout":"","ast-disable-related-posts":"","theme-transparent-header-meta":"default","adv-header-id-meta":"","stick-header-meta":"default","header-above-stick-meta":"","header-main-stick-meta":"","header-below-stick-meta":"","astra-migrate-meta-layouts":"default","ast-page-background-enabled":"default","ast-page-background-meta":{"desktop":{"background-color":"","background-image":"","background-repeat":"repeat","background-position":"center center","background-size":"auto","background-attachment":"scroll","background-type":"","background-media":"","overlay-type":"","overlay-color":"","overlay-opacity":"","overlay-gradient":""},"tablet":{"background-color":"","background-image":"","background-repeat":"repeat","background-position":"center center","background-size":"auto","background-attachment":"scroll","background-type":"","background-media":"","overlay-type":"","overlay-color":"","overlay-opacity":"","overlay-gradient":""},"mobile":{"background-color":"","background-image":"","background-repeat":"repeat","background-position":"center center","background-size":"auto","background-attachment":"scroll","background-type":"","background-media":"","overlay-type":"","overlay-color":"","overlay-opacity":"","overlay-gradient":""}},"ast-content-background-meta":{"desktop":{"background-color":"var(--ast-global-color-5)","background-image":"","background-repeat":"repeat","background-position":"center center","background-size":"auto","background-attachment":"scroll","background-type":"","background-media":"","overlay-type":"","overlay-color":"","overlay-opacity":"","overlay-gradient":""},"tablet":{"background-color":"var(--ast-global-color-5)","background-image":"","background-repeat":"repeat","background-position":"center center","background-size":"auto","background-attachment":"scroll","background-type":"","background-media":"","overlay-type":"","overlay-color":"","overlay-opacity":"","overlay-gradient":""},"mobile":{"background-color":"var(--ast-global-color-5)","background-image":"","background-repeat":"repeat","background-position":"center center","background-size":"auto","background-attachment":"scroll","background-type":"","background-media":"","overlay-type":"","overlay-color":"","overlay-opacity":"","overlay-gradient":""}},"footnotes":""},"acf":[],"yoast_head":"<!-- This site is optimized with the Yoast SEO plugin v23.5 - https:\/\/yoast.com\/wordpress\/plugins\/seo\/ -->\n<title>Tietosuojaseloste - Mets&auml;opiskelijoiden OsuusMets&auml;<\/title>\n<meta name=\"robots\" content=\"index, follow, max-snippet:-1, max-image-preview:large, max-video-preview:-1\" \/>\n<link rel=\"canonical\" href=\"https:\/\/osuusmetsa.fi\/paasivusto\/tietosuojaseloste\/\" \/>\n<meta property=\"og:locale\" content=\"fi_FI\" \/>\n<meta property=\"og:type\" content=\"article\" \/>\n<meta property=\"og:title\" content=\"Tietosuojaseloste - Mets&auml;opiskelijoiden OsuusMets&auml;\" \/>\n<meta property=\"og:description\" content=\"1 Rekisterinpit\u00e4j\u00e4 Mets\u00e4opiskelijoiden OsuusMets\u00e4 (\u201dRekisterinpit\u00e4j\u00e4\u201d)Honkapolku 4 A 680220 Joensuu 2 Rekister\u00f6idyt Rekisteriss\u00e4 k\u00e4sitell\u00e4\u00e4n Rekisterinpit\u00e4j\u00e4n verkkosivuston (\u201dSivusto\u201d) k\u00e4vij\u00f6iden (\u201dVierailija\u201d) tietoja. 3 Tietojen k\u00e4sittelyn peruste, k\u00e4ytt\u00f6tarkoitus ja s\u00e4ilytysaika 3.1 Yhteydenottolomake Sivuston yhteydenottolomakkeessa ker\u00e4t\u00e4\u00e4n seuraavat yksil\u00f6iv\u00e4t tiedot: Etu- ja sukunimi S\u00e4hk\u00f6postiosoite Puhelinnumero Tiedot ker\u00e4t\u00e4\u00e4n yhteydenoton todentamista varten. Tietoja s\u00e4ilytet\u00e4\u00e4n toistaiseksi, jotta asiaan voidaan my\u00f6hemmin palata. Tietoja ei k\u00e4ytet\u00e4 [&hellip;]\" \/>\n<meta property=\"og:url\" content=\"https:\/\/osuusmetsa.fi\/paasivusto\/tietosuojaseloste\/\" \/>\n<meta property=\"og:site_name\" content=\"Mets&auml;opiskelijoiden OsuusMets&auml;\" \/>\n<meta property=\"article:modified_time\" content=\"2021-08-14T08:03:57+00:00\" \/>\n<meta name=\"twitter:card\" content=\"summary_large_image\" \/>\n<meta name=\"twitter:label1\" content=\"Arvioitu lukuaika\" \/>\n\t<meta name=\"twitter:data1\" content=\"2 minuuttia\" \/>\n<script type=\"application\/ld+json\" class=\"yoast-schema-graph\">{\"@context\":\"https:\/\/schema.org\",\"@graph\":[{\"@type\":\"WebPage\",\"@id\":\"https:\/\/osuusmetsa.fi\/paasivusto\/tietosuojaseloste\/\",\"url\":\"https:\/\/osuusmetsa.fi\/paasivusto\/tietosuojaseloste\/\",\"name\":\"Tietosuojaseloste - Mets&auml;opiskelijoiden OsuusMets&auml;\",\"isPartOf\":{\"@id\":\"https:\/\/osuusmetsa.fi\/paasivusto\/#website\"},\"datePublished\":\"2021-04-28T09:20:18+00:00\",\"dateModified\":\"2021-08-14T08:03:57+00:00\",\"breadcrumb\":{\"@id\":\"https:\/\/osuusmetsa.fi\/paasivusto\/tietosuojaseloste\/#breadcrumb\"},\"inLanguage\":\"fi\",\"potentialAction\":[{\"@type\":\"ReadAction\",\"target\":[\"https:\/\/osuusmetsa.fi\/paasivusto\/tietosuojaseloste\/\"]}]},{\"@type\":\"BreadcrumbList\",\"@id\":\"https:\/\/osuusmetsa.fi\/paasivusto\/tietosuojaseloste\/#breadcrumb\",\"itemListElement\":[{\"@type\":\"ListItem\",\"position\":1,\"name\":\"Etusivu\",\"item\":\"https:\/\/osuusmetsa.fi\/paasivusto\/\"},{\"@type\":\"ListItem\",\"position\":2,\"name\":\"Tietosuojaseloste\"}]},{\"@type\":\"WebSite\",\"@id\":\"https:\/\/osuusmetsa.fi\/paasivusto\/#website\",\"url\":\"https:\/\/osuusmetsa.fi\/paasivusto\/\",\"name\":\"Mets\u00e4opiskelijoiden OsuusMets\u00e4\",\"description\":\"Osuuskunta mets&auml;alan opiskelijoille\",\"publisher\":{\"@id\":\"https:\/\/osuusmetsa.fi\/paasivusto\/#organization\"},\"potentialAction\":[{\"@type\":\"SearchAction\",\"target\":{\"@type\":\"EntryPoint\",\"urlTemplate\":\"https:\/\/osuusmetsa.fi\/paasivusto\/?s={search_term_string}\"},\"query-input\":{\"@type\":\"PropertyValueSpecification\",\"valueRequired\":true,\"valueName\":\"search_term_string\"}}],\"inLanguage\":\"fi\"},{\"@type\":\"Organization\",\"@id\":\"https:\/\/osuusmetsa.fi\/paasivusto\/#organization\",\"name\":\"Mets\u00e4opiskelijoiden OsuusMets\u00e4\",\"url\":\"https:\/\/osuusmetsa.fi\/paasivusto\/\",\"logo\":{\"@type\":\"ImageObject\",\"inLanguage\":\"fi\",\"@id\":\"https:\/\/osuusmetsa.fi\/paasivusto\/#\/schema\/logo\/image\/\",\"url\":\"https:\/\/osuusmetsa.fi\/paasivusto\/sisallot\/lataukset\/2021\/08\/OsuusMetsa_logo.png\",\"contentUrl\":\"https:\/\/osuusmetsa.fi\/paasivusto\/sisallot\/lataukset\/2021\/08\/OsuusMetsa_logo.png\",\"width\":519,\"height\":469,\"caption\":\"Mets\u00e4opiskelijoiden OsuusMets\u00e4\"},\"image\":{\"@id\":\"https:\/\/osuusmetsa.fi\/paasivusto\/#\/schema\/logo\/image\/\"}}]}<\/script>\n<!-- \/ Yoast SEO plugin. -->","yoast_head_json":{"title":"Tietosuojaseloste - Mets&auml;opiskelijoiden OsuusMets&auml;","robots":{"index":"index","follow":"follow","max-snippet":"max-snippet:-1","max-image-preview":"max-image-preview:large","max-video-preview":"max-video-preview:-1"},"canonical":"https:\/\/osuusmetsa.fi\/paasivusto\/tietosuojaseloste\/","og_locale":"fi_FI","og_type":"article","og_title":"Tietosuojaseloste - Mets&auml;opiskelijoiden OsuusMets&auml;","og_description":"1 Rekisterinpit\u00e4j\u00e4 Mets\u00e4opiskelijoiden OsuusMets\u00e4 (\u201dRekisterinpit\u00e4j\u00e4\u201d)Honkapolku 4 A 680220 Joensuu 2 Rekister\u00f6idyt Rekisteriss\u00e4 k\u00e4sitell\u00e4\u00e4n Rekisterinpit\u00e4j\u00e4n verkkosivuston (\u201dSivusto\u201d) k\u00e4vij\u00f6iden (\u201dVierailija\u201d) tietoja. 3 Tietojen k\u00e4sittelyn peruste, k\u00e4ytt\u00f6tarkoitus ja s\u00e4ilytysaika 3.1 Yhteydenottolomake Sivuston yhteydenottolomakkeessa ker\u00e4t\u00e4\u00e4n seuraavat yksil\u00f6iv\u00e4t tiedot: Etu- ja sukunimi S\u00e4hk\u00f6postiosoite Puhelinnumero Tiedot ker\u00e4t\u00e4\u00e4n yhteydenoton todentamista varten. Tietoja s\u00e4ilytet\u00e4\u00e4n toistaiseksi, jotta asiaan voidaan my\u00f6hemmin palata. Tietoja ei k\u00e4ytet\u00e4 [&hellip;]","og_url":"https:\/\/osuusmetsa.fi\/paasivusto\/tietosuojaseloste\/","og_site_name":"Mets&auml;opiskelijoiden OsuusMets&auml;","article_modified_time":"2021-08-14T08:03:57+00:00","twitter_card":"summary_large_image","twitter_misc":{"Arvioitu lukuaika":"2 minuuttia"},"schema":{"@context":"https:\/\/schema.org","@graph":[{"@type":"WebPage","@id":"https:\/\/osuusmetsa.fi\/paasivusto\/tietosuojaseloste\/","url":"https:\/\/osuusmetsa.fi\/paasivusto\/tietosuojaseloste\/","name":"Tietosuojaseloste - Mets&auml;opiskelijoiden OsuusMets&auml;","isPartOf":{"@id":"https:\/\/osuusmetsa.fi\/paasivusto\/#website"},"datePublished":"2021-04-28T09:20:18+00:00","dateModified":"2021-08-14T08:03:57+00:00","breadcrumb":{"@id":"https:\/\/osuusmetsa.fi\/paasivusto\/tietosuojaseloste\/#breadcrumb"},"inLanguage":"fi","potentialAction":[{"@type":"ReadAction","target":["https:\/\/osuusmetsa.fi\/paasivusto\/tietosuojaseloste\/"]}]},{"@type":"BreadcrumbList","@id":"https:\/\/osuusmetsa.fi\/paasivusto\/tietosuojaseloste\/#breadcrumb","itemListElement":[{"@type":"ListItem","position":1,"name":"Etusivu","item":"https:\/\/osuusmetsa.fi\/paasivusto\/"},{"@type":"ListItem","position":2,"name":"Tietosuojaseloste"}]},{"@type":"WebSite","@id":"https:\/\/osuusmetsa.fi\/paasivusto\/#website","url":"https:\/\/osuusmetsa.fi\/paasivusto\/","name":"Mets\u00e4opiskelijoiden OsuusMets\u00e4","description":"Osuuskunta mets&auml;alan opiskelijoille","publisher":{"@id":"https:\/\/osuusmetsa.fi\/paasivusto\/#organization"},"potentialAction":[{"@type":"SearchAction","target":{"@type":"EntryPoint","urlTemplate":"https:\/\/osuusmetsa.fi\/paasivusto\/?s={search_term_string}"},"query-input":{"@type":"PropertyValueSpecification","valueRequired":true,"valueName":"search_term_string"}}],"inLanguage":"fi"},{"@type":"Organization","@id":"https:\/\/osuusmetsa.fi\/paasivusto\/#organization","name":"Mets\u00e4opiskelijoiden OsuusMets\u00e4","url":"https:\/\/osuusmetsa.fi\/paasivusto\/","logo":{"@type":"ImageObject","inLanguage":"fi","@id":"https:\/\/osuusmetsa.fi\/paasivusto\/#\/schema\/logo\/image\/","url":"https:\/\/osuusmetsa.fi\/paasivusto\/sisallot\/lataukset\/2021\/08\/OsuusMetsa_logo.png","contentUrl":"https:\/\/osuusmetsa.fi\/paasivusto\/sisallot\/lataukset\/2021\/08\/OsuusMetsa_logo.png","width":519,"height":469,"caption":"Mets\u00e4opiskelijoiden OsuusMets\u00e4"},"image":{"@id":"https:\/\/osuusmetsa.fi\/paasivusto\/#\/schema\/logo\/image\/"}}]}},"_links":{"self":[{"href":"https:\/\/osuusmetsa.fi\/paasivusto\/wp-json\/wp\/v2\/pages\/3"}],"collection":[{"href":"https:\/\/osuusmetsa.fi\/paasivusto\/wp-json\/wp\/v2\/pages"}],"about":[{"href":"https:\/\/osuusmetsa.fi\/paasivusto\/wp-json\/wp\/v2\/types\/page"}],"author":[{"embeddable":true,"href":"https:\/\/osuusmetsa.fi\/paasivusto\/wp-json\/wp\/v2\/users\/1"}],"replies":[{"embeddable":true,"href":"https:\/\/osuusmetsa.fi\/paasivusto\/wp-json\/wp\/v2\/comments?post=3"}],"version-history":[{"count":0,"href":"https:\/\/osuusmetsa.fi\/paasivusto\/wp-json\/wp\/v2\/pages\/3\/revisions"}],"wp:attachment":[{"href":"https:\/\/osuusmetsa.fi\/paasivusto\/wp-json\/wp\/v2\/media?parent=3"}],"curies":[{"name":"wp","href":"https:\/\/api.w.org\/{rel}","templated":true}]}}