{"id":12,"date":"2021-04-28T12:36:15","date_gmt":"2021-04-28T09:36:15","guid":{"rendered":"https:\/\/osuusmetsa.fi\/paasivusto\/?page_id=12"},"modified":"2022-03-28T14:03:54","modified_gmt":"2022-03-28T11:03:54","slug":"jaseneksi","status":"publish","type":"page","link":"https:\/\/osuusmetsa.fi\/paasivusto\/jaseneksi\/","title":{"rendered":"J\u00e4seneksi"},"content":{"rendered":"\t\t<div data-elementor-type=\"wp-page\" data-elementor-id=\"12\" class=\"elementor elementor-12\">\n\t\t\t\t\t\t<section class=\"elementor-section elementor-top-section elementor-element elementor-element-5cf622c elementor-section-boxed elementor-section-height-default elementor-section-height-default\" data-id=\"5cf622c\" data-element_type=\"section\">\n\t\t\t\t\t\t<div class=\"elementor-container elementor-column-gap-default\">\n\t\t\t\t\t<div class=\"elementor-column elementor-col-50 elementor-top-column elementor-element elementor-element-ab072d7\" data-id=\"ab072d7\" data-element_type=\"column\">\n\t\t\t<div class=\"elementor-widget-wrap elementor-element-populated\">\n\t\t\t\t\t\t<div class=\"elementor-element elementor-element-77fe11b elementor-widget elementor-widget-heading\" data-id=\"77fe11b\" data-element_type=\"widget\" data-widget_type=\"heading.default\">\n\t\t\t\t<div class=\"elementor-widget-container\">\n\t\t\t\t\t<h2 class=\"elementor-heading-title elementor-size-default\">Liity j\u00e4seneksi<\/h2>\t\t\t\t<\/div>\n\t\t\t\t<\/div>\n\t\t\t\t<div class=\"elementor-element elementor-element-793e960f elementor-widget elementor-widget-text-editor\" data-id=\"793e960f\" data-element_type=\"widget\" data-widget_type=\"text-editor.default\">\n\t\t\t\t<div class=\"elementor-widget-container\">\n\t\t\t\t\t\t\t\t\t<p>Liity Mets\u00e4opiskelijoiden OsuusMets\u00e4n j\u00e4seneksi t\u00e4ytt\u00e4m\u00e4ll\u00e4 liittymislomake j\u00e4senrekisteripalvelussa (<a href=\"https:\/\/osuusmetsa.fi\/paasivusto\/sisallot\/lataukset\/2021\/08\/OsuusMetsa_tietosuojaseloste_jasenrekisteri.pdf\" target=\"_blank\" rel=\"noopener\">tietosuojaseloste<\/a>). Osuusmaksun suuruus on 20 \u20ac. Lomakkeen l\u00e4hett\u00e4misen j\u00e4lkeen maksa osuusmaksu viereisten tietojen mukaisesti.<\/p>\n<p>Uudet j\u00e4senet hyv\u00e4ksyt\u00e4\u00e4n hallituksen kokouksessa. Tarkemmat tiedot j\u00e4senyydest\u00e4 l\u00f6yd\u00e4t OsuusMets\u00e4n <a href=\"https:\/\/osuusmetsa.fi\/paasivusto\/sisallot\/lataukset\/2021\/08\/OsuusMetsa_saannot_02.pdf\" target=\"_blank\" rel=\"noopener\">s\u00e4\u00e4nn\u00f6ist\u00e4<\/a>.<\/p>\t\t\t\t\t\t\t\t<\/div>\n\t\t\t\t<\/div>\n\t\t\t\t<div class=\"elementor-element elementor-element-5e037bc elementor-align-left elementor-mobile-align-justify elementor-widget elementor-widget-button\" data-id=\"5e037bc\" data-element_type=\"widget\" data-widget_type=\"button.default\">\n\t\t\t\t<div class=\"elementor-widget-container\">\n\t\t\t\t\t\t\t\t\t<div class=\"elementor-button-wrapper\">\n\t\t\t\t\t<a class=\"elementor-button elementor-button-link elementor-size-sm\" href=\"https:\/\/secure.membook.fi\/joining\/fe4c1b1f-42cd-4686-a1b1-42df9c6000d4\/\" target=\"_blank\">\n\t\t\t\t\t\t<span class=\"elementor-button-content-wrapper\">\n\t\t\t\t\t\t<span class=\"elementor-button-icon\">\n\t\t\t\t<i aria-hidden=\"true\" class=\"fas fa-tree\"><\/i>\t\t\t<\/span>\n\t\t\t\t\t\t\t\t\t<span class=\"elementor-button-text\">T\u00e4yt\u00e4 liittymislomake<\/span>\n\t\t\t\t\t<\/span>\n\t\t\t\t\t<\/a>\n\t\t\t\t<\/div>\n\t\t\t\t\t\t\t\t<\/div>\n\t\t\t\t<\/div>\n\t\t\t\t\t<\/div>\n\t\t<\/div>\n\t\t\t\t<div class=\"elementor-column elementor-col-50 elementor-top-column elementor-element elementor-element-95d69ec\" data-id=\"95d69ec\" data-element_type=\"column\">\n\t\t\t<div class=\"elementor-widget-wrap elementor-element-populated\">\n\t\t\t\t\t\t<div class=\"elementor-element elementor-element-844aaad elementor-widget elementor-widget-heading\" data-id=\"844aaad\" data-element_type=\"widget\" data-widget_type=\"heading.default\">\n\t\t\t\t<div class=\"elementor-widget-container\">\n\t\t\t\t\t<h2 class=\"elementor-heading-title elementor-size-default\">Maksutiedot<\/h2>\t\t\t\t<\/div>\n\t\t\t\t<\/div>\n\t\t\t\t<div class=\"elementor-element elementor-element-9faa20d elementor-widget elementor-widget-text-editor\" data-id=\"9faa20d\" data-element_type=\"widget\" data-widget_type=\"text-editor.default\">\n\t\t\t\t<div class=\"elementor-widget-container\">\n\t\t\t\t\t\t\t\t\t<p><strong>Saaja:<\/strong> Mets\u00e4opiskelijoiden OsuusMets\u00e4<br \/><strong>Tilinumero:<\/strong> FI37 5770 0520 5414 31<br \/><strong>M\u00e4\u00e4r\u00e4:<\/strong>\u00a020 \u20ac<br \/><strong>Er\u00e4p\u00e4iv\u00e4:<\/strong> heti<br \/><strong>Viesti:<\/strong> Etunimi Sukunimi<\/p>\t\t\t\t\t\t\t\t<\/div>\n\t\t\t\t<\/div>\n\t\t\t\t\t<\/div>\n\t\t<\/div>\n\t\t\t\t\t<\/div>\n\t\t<\/section>\n\t\t\t\t<\/div>\n\t\t","protected":false},"excerpt":{"rendered":"<p>Liity j\u00e4seneksi Liity Mets\u00e4opiskelijoiden OsuusMets\u00e4n j\u00e4seneksi t\u00e4ytt\u00e4m\u00e4ll\u00e4 liittymislomake j\u00e4senrekisteripalvelussa (tietosuojaseloste). Osuusmaksun suuruus on 20 \u20ac. Lomakkeen l\u00e4hett\u00e4misen j\u00e4lkeen maksa osuusmaksu viereisten tietojen mukaisesti. Uudet j\u00e4senet hyv\u00e4ksyt\u00e4\u00e4n hallituksen kokouksessa. Tarkemmat tiedot j\u00e4senyydest\u00e4 l\u00f6yd\u00e4t OsuusMets\u00e4n s\u00e4\u00e4nn\u00f6ist\u00e4. T\u00e4yt\u00e4 liittymislomake Maksutiedot Saaja: Mets\u00e4opiskelijoiden OsuusMets\u00e4Tilinumero: FI37 5770 0520 5414 31M\u00e4\u00e4r\u00e4:\u00a020 \u20acEr\u00e4p\u00e4iv\u00e4: hetiViesti: Etunimi Sukunimi<\/p>\n","protected":false},"author":1,"featured_media":0,"parent":0,"menu_order":6,"comment_status":"closed","ping_status":"closed","template":"","meta":{"_acf_changed":false,"site-sidebar-layout":"default","site-content-layout":"default","ast-site-content-layout":"default","site-content-style":"default","site-sidebar-style":"default","ast-global-header-display":"","ast-banner-title-visibility":"","ast-main-header-display":"","ast-hfb-above-header-display":"","ast-hfb-below-header-display":"","ast-hfb-mobile-header-display":"","site-post-title":"","ast-breadcrumbs-content":"","ast-featured-img":"","footer-sml-layout":"","ast-disable-related-posts":"","theme-transparent-header-meta":"default","adv-header-id-meta":"","stick-header-meta":"default","header-above-stick-meta":"","header-main-stick-meta":"","header-below-stick-meta":"","astra-migrate-meta-layouts":"default","ast-page-background-enabled":"default","ast-page-background-meta":{"desktop":{"background-color":"","background-image":"","background-repeat":"repeat","background-position":"center center","background-size":"auto","background-attachment":"scroll","background-type":"","background-media":"","overlay-type":"","overlay-color":"","overlay-opacity":"","overlay-gradient":""},"tablet":{"background-color":"","background-image":"","background-repeat":"repeat","background-position":"center center","background-size":"auto","background-attachment":"scroll","background-type":"","background-media":"","overlay-type":"","overlay-color":"","overlay-opacity":"","overlay-gradient":""},"mobile":{"background-color":"","background-image":"","background-repeat":"repeat","background-position":"center center","background-size":"auto","background-attachment":"scroll","background-type":"","background-media":"","overlay-type":"","overlay-color":"","overlay-opacity":"","overlay-gradient":""}},"ast-content-background-meta":{"desktop":{"background-color":"var(--ast-global-color-5)","background-image":"","background-repeat":"repeat","background-position":"center center","background-size":"auto","background-attachment":"scroll","background-type":"","background-media":"","overlay-type":"","overlay-color":"","overlay-opacity":"","overlay-gradient":""},"tablet":{"background-color":"var(--ast-global-color-5)","background-image":"","background-repeat":"repeat","background-position":"center center","background-size":"auto","background-attachment":"scroll","background-type":"","background-media":"","overlay-type":"","overlay-color":"","overlay-opacity":"","overlay-gradient":""},"mobile":{"background-color":"var(--ast-global-color-5)","background-image":"","background-repeat":"repeat","background-position":"center center","background-size":"auto","background-attachment":"scroll","background-type":"","background-media":"","overlay-type":"","overlay-color":"","overlay-opacity":"","overlay-gradient":""}},"footnotes":""},"acf":[],"yoast_head":"<!-- This site is optimized with the Yoast SEO plugin v23.5 - https:\/\/yoast.com\/wordpress\/plugins\/seo\/ -->\n<title>J\u00e4seneksi - Mets&auml;opiskelijoiden OsuusMets&auml;<\/title>\n<meta name=\"robots\" content=\"index, follow, max-snippet:-1, max-image-preview:large, max-video-preview:-1\" \/>\n<link rel=\"canonical\" href=\"https:\/\/osuusmetsa.fi\/paasivusto\/jaseneksi\/\" \/>\n<meta property=\"og:locale\" content=\"fi_FI\" \/>\n<meta property=\"og:type\" content=\"article\" \/>\n<meta property=\"og:title\" content=\"J\u00e4seneksi - Mets&auml;opiskelijoiden OsuusMets&auml;\" \/>\n<meta property=\"og:description\" content=\"Liity j\u00e4seneksi Liity Mets\u00e4opiskelijoiden OsuusMets\u00e4n j\u00e4seneksi t\u00e4ytt\u00e4m\u00e4ll\u00e4 liittymislomake j\u00e4senrekisteripalvelussa (tietosuojaseloste). Osuusmaksun suuruus on 20 \u20ac. Lomakkeen l\u00e4hett\u00e4misen j\u00e4lkeen maksa osuusmaksu viereisten tietojen mukaisesti. Uudet j\u00e4senet hyv\u00e4ksyt\u00e4\u00e4n hallituksen kokouksessa. Tarkemmat tiedot j\u00e4senyydest\u00e4 l\u00f6yd\u00e4t OsuusMets\u00e4n s\u00e4\u00e4nn\u00f6ist\u00e4. T\u00e4yt\u00e4 liittymislomake Maksutiedot Saaja: Mets\u00e4opiskelijoiden OsuusMets\u00e4Tilinumero: FI37 5770 0520 5414 31M\u00e4\u00e4r\u00e4:\u00a020 \u20acEr\u00e4p\u00e4iv\u00e4: hetiViesti: Etunimi Sukunimi\" \/>\n<meta property=\"og:url\" content=\"https:\/\/osuusmetsa.fi\/paasivusto\/jaseneksi\/\" \/>\n<meta property=\"og:site_name\" content=\"Mets&auml;opiskelijoiden OsuusMets&auml;\" \/>\n<meta property=\"article:modified_time\" content=\"2022-03-28T11:03:54+00:00\" \/>\n<meta name=\"twitter:card\" content=\"summary_large_image\" \/>\n<meta name=\"twitter:label1\" content=\"Arvioitu lukuaika\" \/>\n\t<meta name=\"twitter:data1\" content=\"1 minuutti\" \/>\n<script type=\"application\/ld+json\" class=\"yoast-schema-graph\">{\"@context\":\"https:\/\/schema.org\",\"@graph\":[{\"@type\":\"WebPage\",\"@id\":\"https:\/\/osuusmetsa.fi\/paasivusto\/jaseneksi\/\",\"url\":\"https:\/\/osuusmetsa.fi\/paasivusto\/jaseneksi\/\",\"name\":\"J\u00e4seneksi - Mets&auml;opiskelijoiden OsuusMets&auml;\",\"isPartOf\":{\"@id\":\"https:\/\/osuusmetsa.fi\/paasivusto\/#website\"},\"datePublished\":\"2021-04-28T09:36:15+00:00\",\"dateModified\":\"2022-03-28T11:03:54+00:00\",\"breadcrumb\":{\"@id\":\"https:\/\/osuusmetsa.fi\/paasivusto\/jaseneksi\/#breadcrumb\"},\"inLanguage\":\"fi\",\"potentialAction\":[{\"@type\":\"ReadAction\",\"target\":[\"https:\/\/osuusmetsa.fi\/paasivusto\/jaseneksi\/\"]}]},{\"@type\":\"BreadcrumbList\",\"@id\":\"https:\/\/osuusmetsa.fi\/paasivusto\/jaseneksi\/#breadcrumb\",\"itemListElement\":[{\"@type\":\"ListItem\",\"position\":1,\"name\":\"Etusivu\",\"item\":\"https:\/\/osuusmetsa.fi\/paasivusto\/\"},{\"@type\":\"ListItem\",\"position\":2,\"name\":\"J\u00e4seneksi\"}]},{\"@type\":\"WebSite\",\"@id\":\"https:\/\/osuusmetsa.fi\/paasivusto\/#website\",\"url\":\"https:\/\/osuusmetsa.fi\/paasivusto\/\",\"name\":\"Mets\u00e4opiskelijoiden OsuusMets\u00e4\",\"description\":\"Osuuskunta mets&auml;alan opiskelijoille\",\"publisher\":{\"@id\":\"https:\/\/osuusmetsa.fi\/paasivusto\/#organization\"},\"potentialAction\":[{\"@type\":\"SearchAction\",\"target\":{\"@type\":\"EntryPoint\",\"urlTemplate\":\"https:\/\/osuusmetsa.fi\/paasivusto\/?s={search_term_string}\"},\"query-input\":{\"@type\":\"PropertyValueSpecification\",\"valueRequired\":true,\"valueName\":\"search_term_string\"}}],\"inLanguage\":\"fi\"},{\"@type\":\"Organization\",\"@id\":\"https:\/\/osuusmetsa.fi\/paasivusto\/#organization\",\"name\":\"Mets\u00e4opiskelijoiden OsuusMets\u00e4\",\"url\":\"https:\/\/osuusmetsa.fi\/paasivusto\/\",\"logo\":{\"@type\":\"ImageObject\",\"inLanguage\":\"fi\",\"@id\":\"https:\/\/osuusmetsa.fi\/paasivusto\/#\/schema\/logo\/image\/\",\"url\":\"https:\/\/osuusmetsa.fi\/paasivusto\/sisallot\/lataukset\/2021\/08\/OsuusMetsa_logo.png\",\"contentUrl\":\"https:\/\/osuusmetsa.fi\/paasivusto\/sisallot\/lataukset\/2021\/08\/OsuusMetsa_logo.png\",\"width\":519,\"height\":469,\"caption\":\"Mets\u00e4opiskelijoiden OsuusMets\u00e4\"},\"image\":{\"@id\":\"https:\/\/osuusmetsa.fi\/paasivusto\/#\/schema\/logo\/image\/\"}}]}<\/script>\n<!-- \/ Yoast SEO plugin. -->","yoast_head_json":{"title":"J\u00e4seneksi - Mets&auml;opiskelijoiden OsuusMets&auml;","robots":{"index":"index","follow":"follow","max-snippet":"max-snippet:-1","max-image-preview":"max-image-preview:large","max-video-preview":"max-video-preview:-1"},"canonical":"https:\/\/osuusmetsa.fi\/paasivusto\/jaseneksi\/","og_locale":"fi_FI","og_type":"article","og_title":"J\u00e4seneksi - Mets&auml;opiskelijoiden OsuusMets&auml;","og_description":"Liity j\u00e4seneksi Liity Mets\u00e4opiskelijoiden OsuusMets\u00e4n j\u00e4seneksi t\u00e4ytt\u00e4m\u00e4ll\u00e4 liittymislomake j\u00e4senrekisteripalvelussa (tietosuojaseloste). Osuusmaksun suuruus on 20 \u20ac. Lomakkeen l\u00e4hett\u00e4misen j\u00e4lkeen maksa osuusmaksu viereisten tietojen mukaisesti. Uudet j\u00e4senet hyv\u00e4ksyt\u00e4\u00e4n hallituksen kokouksessa. Tarkemmat tiedot j\u00e4senyydest\u00e4 l\u00f6yd\u00e4t OsuusMets\u00e4n s\u00e4\u00e4nn\u00f6ist\u00e4. T\u00e4yt\u00e4 liittymislomake Maksutiedot Saaja: Mets\u00e4opiskelijoiden OsuusMets\u00e4Tilinumero: FI37 5770 0520 5414 31M\u00e4\u00e4r\u00e4:\u00a020 \u20acEr\u00e4p\u00e4iv\u00e4: hetiViesti: Etunimi Sukunimi","og_url":"https:\/\/osuusmetsa.fi\/paasivusto\/jaseneksi\/","og_site_name":"Mets&auml;opiskelijoiden OsuusMets&auml;","article_modified_time":"2022-03-28T11:03:54+00:00","twitter_card":"summary_large_image","twitter_misc":{"Arvioitu lukuaika":"1 minuutti"},"schema":{"@context":"https:\/\/schema.org","@graph":[{"@type":"WebPage","@id":"https:\/\/osuusmetsa.fi\/paasivusto\/jaseneksi\/","url":"https:\/\/osuusmetsa.fi\/paasivusto\/jaseneksi\/","name":"J\u00e4seneksi - Mets&auml;opiskelijoiden OsuusMets&auml;","isPartOf":{"@id":"https:\/\/osuusmetsa.fi\/paasivusto\/#website"},"datePublished":"2021-04-28T09:36:15+00:00","dateModified":"2022-03-28T11:03:54+00:00","breadcrumb":{"@id":"https:\/\/osuusmetsa.fi\/paasivusto\/jaseneksi\/#breadcrumb"},"inLanguage":"fi","potentialAction":[{"@type":"ReadAction","target":["https:\/\/osuusmetsa.fi\/paasivusto\/jaseneksi\/"]}]},{"@type":"BreadcrumbList","@id":"https:\/\/osuusmetsa.fi\/paasivusto\/jaseneksi\/#breadcrumb","itemListElement":[{"@type":"ListItem","position":1,"name":"Etusivu","item":"https:\/\/osuusmetsa.fi\/paasivusto\/"},{"@type":"ListItem","position":2,"name":"J\u00e4seneksi"}]},{"@type":"WebSite","@id":"https:\/\/osuusmetsa.fi\/paasivusto\/#website","url":"https:\/\/osuusmetsa.fi\/paasivusto\/","name":"Mets\u00e4opiskelijoiden OsuusMets\u00e4","description":"Osuuskunta mets&auml;alan opiskelijoille","publisher":{"@id":"https:\/\/osuusmetsa.fi\/paasivusto\/#organization"},"potentialAction":[{"@type":"SearchAction","target":{"@type":"EntryPoint","urlTemplate":"https:\/\/osuusmetsa.fi\/paasivusto\/?s={search_term_string}"},"query-input":{"@type":"PropertyValueSpecification","valueRequired":true,"valueName":"search_term_string"}}],"inLanguage":"fi"},{"@type":"Organization","@id":"https:\/\/osuusmetsa.fi\/paasivusto\/#organization","name":"Mets\u00e4opiskelijoiden OsuusMets\u00e4","url":"https:\/\/osuusmetsa.fi\/paasivusto\/","logo":{"@type":"ImageObject","inLanguage":"fi","@id":"https:\/\/osuusmetsa.fi\/paasivusto\/#\/schema\/logo\/image\/","url":"https:\/\/osuusmetsa.fi\/paasivusto\/sisallot\/lataukset\/2021\/08\/OsuusMetsa_logo.png","contentUrl":"https:\/\/osuusmetsa.fi\/paasivusto\/sisallot\/lataukset\/2021\/08\/OsuusMetsa_logo.png","width":519,"height":469,"caption":"Mets\u00e4opiskelijoiden OsuusMets\u00e4"},"image":{"@id":"https:\/\/osuusmetsa.fi\/paasivusto\/#\/schema\/logo\/image\/"}}]}},"_links":{"self":[{"href":"https:\/\/osuusmetsa.fi\/paasivusto\/wp-json\/wp\/v2\/pages\/12"}],"collection":[{"href":"https:\/\/osuusmetsa.fi\/paasivusto\/wp-json\/wp\/v2\/pages"}],"about":[{"href":"https:\/\/osuusmetsa.fi\/paasivusto\/wp-json\/wp\/v2\/types\/page"}],"author":[{"embeddable":true,"href":"https:\/\/osuusmetsa.fi\/paasivusto\/wp-json\/wp\/v2\/users\/1"}],"replies":[{"embeddable":true,"href":"https:\/\/osuusmetsa.fi\/paasivusto\/wp-json\/wp\/v2\/comments?post=12"}],"version-history":[{"count":1,"href":"https:\/\/osuusmetsa.fi\/paasivusto\/wp-json\/wp\/v2\/pages\/12\/revisions"}],"predecessor-version":[{"id":2348,"href":"https:\/\/osuusmetsa.fi\/paasivusto\/wp-json\/wp\/v2\/pages\/12\/revisions\/2348"}],"wp:attachment":[{"href":"https:\/\/osuusmetsa.fi\/paasivusto\/wp-json\/wp\/v2\/media?parent=12"}],"curies":[{"name":"wp","href":"https:\/\/api.w.org\/{rel}","templated":true}]}}